2, 3, 89
What are the prime factors of 22156?
2, 29, 191
What are the prime factors of 41562?
2, 3, 2309
What are the prime factors of 98975?
5, 37, 107
What are the prime factors of 3969?
3, 7
List the prime factors of 2051.
7, 293
What are the prime factors of 6821?
19, 359
List the prime factors of 4378.
2, 11, 199
What are the prime factors of 16353?
3, 23, 79
What are the prime factors of 5054?
2, 7, 19
List the prime factors of 3438.
2, 3, 191
List the prime factors of 10761.
3, 17, 211
What are the prime factors of 48101?
103, 467
List the prime factors of 19339.
83, 233
What are the prime factors of 403?
13, 31
What are the prime factors of 1548?
2, 3, 43
What are the prime factors of 471?
3, 157
List the prime factors of 13179.
3, 23, 191
List the prime factors of 31.
31
List the prime factors of 2733.
3, 911
List the prime factors of 64817.
64817
What are the prime factors of 4363?
4363
What are the prime factors of 204?
2, 3, 17
What are the prime factors of 823?
823
What are the prime factors of 7502?
2, 11, 31
What are the prime factors of 5521?
5521
List the prime factors of 47101.
19, 37, 67
What are the prime factors of 3733?
3733
List the prime factors of 3794.
2, 7, 271
List the prime factors of 594.
2, 3, 11
List the prime factors of 2373.
3, 7, 113
What are the prime factors of 5235?
3, 5, 349
List the prime factors of 156.
2, 3, 13
What are the prime factors of 18913?
18913
List the prime factors of 56136.
2, 3, 2339
What are the prime factors of 10509?
3, 31, 113
What are the prime factors of 11125?
5, 89
What are the prime factors of 496?
2, 31
List the prime factors of 4360.
2, 5, 109
List the prime factors of 982.
2, 491
List the prime factors of 400.
2, 5
What are the prime factors of 2010?
2, 3, 5, 67
What are the prime factors of 16212?
2, 3, 7, 193
What are the prime factors of 26282?
2, 17, 773
List the prime factors of 3254.
2, 1627
List the prime factors of 1798.
2, 29, 31
What are the prime factors of 982?
2, 491
What are the prime factors of 657?
3, 73
List the prime factors of 93031.
31, 3001
List the prime factors of 32315.
5, 23, 281
What are the prime factors of 261?
3, 29
What are the prime factors of 1226?
2, 613
What are the prime factors of 650?
2, 5, 13
What are the prime factors of 128?
2
What are the prime factors of 30644?
2, 47, 163
What are the prime factors of 8662?
2, 61, 71
List the prime factors of 31837.
13, 31, 79
What are the prime factors of 48968?
2, 6121
List the prime factors of 10350.
2, 3, 5, 23
What are the prime factors of 15256?
2, 1907
What are the prime factors of 14315?
5, 7, 409
List the prime factors of 7327.
17, 431
What are the prime factors of 3305?
5, 661
What are the prime factors of 767?
13, 59
What are the prime factors of 17718?
2, 3, 2953
List the prime factors of 1828.
2, 457
List the prime factors of 120.
2, 3, 5
What are the prime factors of 207?
3, 23
What are the prime factors of 26921?
26921
What are the prime factors of 81453?
3, 19, 1429
What are the prime factors of 31335?
3, 5, 2089
What are the prime factors of 980?
2, 5, 7
List the prime factors of 8977.
47, 191
What are the prime factors of 617?
617
List the prime factors of 173.
173
What are the prime factors of 185?
5, 37
What are the prime factors of 420?
2, 3, 5, 7
List the prime factors of 129174.
2, 3, 21529
List the prime factors of 70653.
3, 11, 2141
List the prime factors of 2647.
2647
What are the prime factors of 79408?
2, 7, 709
List the prime factors of 194078.
2, 97039
List the prime factors of 68914.
2, 34457
What are the prime factors of 12262?
2, 6131
What are the prime factors of 47748?
2, 3, 23, 173
List the prime factors of 135044.
2, 7, 13, 53
What are the prime factors of 985?
5, 197
What are the prime factors of 147183?
3, 71, 691
List the prime factors of 49428.
2, 3, 1373
What are the prime factors of 5822?
2, 41, 71
What are the prime factors of 10056?
2, 3, 419
List the prime factors of 13282.
2, 29, 229
What are the prime factors of 11902?
2, 11, 541
List the prime factors of 3944.
2, 17, 29
What are the prime factors of 6062?
2, 7, 433
What are the prime factors of 35316?
2, 3, 109
What are the prime factors of 41581?
43, 967
What are the prime factors of 23910?
2, 3, 5, 797
What are the prime factors of 79419?
3, 23, 1151
What are the prime factors of 15757?
7, 2251
List the prime factors of 3803.
3803
List the prime factors of 12229.
7, 1747
List the prime factors of 13095.
3, 5, 97
What are the prime factors of 17208?
2, 3, 239
List the prime factors of 843.
3, 281
What are the prime factors of 4624?
2, 17
What are the prime factors of 15589?
7, 17, 131
What are the prime factors of 2148?
2, 3, 179
What are the prime factors of 1363?
29, 47
List the prime factors of 38742.
2, 3, 11, 587
What are the prime factors of 20662?
2, 10331
What are the prime factors of 213?
3, 71
What are the prime factors of 38127?
3, 71, 179
List the prime factors of 16091.
16091
List the prime factors of 12574.
2, 6287
List the prime factors of 8960.
2, 5, 7
What are the prime factors of 84498?
2, 3, 14083
List the prime factors of 4357.
4357
What are the prime factors of 7357?
7, 1051
What are the prime factors of 65237?
89, 733
What are the prime factors of 28634?
2, 103, 139
List the prime factors of 6267.
3, 2089
What are the prime factors of 238?
2, 7, 17
List the prime factors of 34992.
2, 3
What are the prime factors of 59947?
151, 397
List the prime factors of 4252.
2, 1063
List the prime factors of 32963.
7, 17, 277
List the prime factors of 1294.
2, 647
What are the prime factors of 106300?
2, 5, 1063
List the prime factors of 151.
151
What are the prime factors of 5824?
2, 7, 13
What are the prime factors of 126874?
2, 11, 73, 79
What are the prime factors of 4025?
5, 7, 23
List the prime factors of 156905.
5, 7, 4483
What are the prime factors of 6419?
7, 131
List the prime factors of 2927.
2927
What are the prime factors of 28994?
2, 7, 19, 109
List the prime factors of 6069.
3, 7, 17
What are the prime factors of 1088?
2, 17
List the prime factors of 162.
2, 3
What are the prime factors of 39252?
2, 3, 3271
List the prime factors of 58887.
3, 727
List the prime factors of 621.
3, 23
List the prime factors of 26956.
2, 23, 293
List the prime factors of 2593.
2593
List the prime factors of 191382.
2, 3, 167, 191
List the prime factors of 3666.
2, 3, 13, 47
List the prime factors of 3917.
3917
What are the prime factors of 163449?
3, 11, 13, 127
List the prime factors of 37125.
3, 5, 11
List the prime factors of 7640.
2, 5, 191
What are the prime factors of 71632?
2, 11, 37
What are the prime factors of 16470?
2, 3, 5, 61
What are the prime factors of 909?
3, 101
List the prime factors of 14452.
2, 3613
What are the prime factors of 870?
2, 3, 5, 29
What are the prime factors of 986?
2, 17, 29
What are the prime factors of 15212?
2, 3803
What are the prime factors of 1005?
3, 5, 67
What are the prime factors of 1505?
5, 7, 43
What are the prime factors of 2934?
2, 3, 163
What are the prime factors of 2062?
2, 1031
What are the prime factors of 7756?
2, 7, 277
What are the prime factors of 13429?
13, 1033
What are the prime factors of 7944?
2, 3, 331
List the prime factors of 58205.
5, 7, 1663
What are the prime factors of 1292?
2, 17, 19
List the prime factors of 70.
2, 5, 7
What are the prime factors of 3164?
2, 7, 113
What are the prime factors of 8998?
2, 11, 409
List the prime factors of 48965.
5, 7, 1399
List the prime factors of 1708.
2, 7, 61
List the prime factors of 88061.
107, 823
What are the prime factors of 15268?
2, 11, 347
List the prime factors of 2982.
2, 3, 7, 71
What are the prime factors of 40184?
2, 5023
List the prime factors of 4601.
43, 107
List the prime factors of 417.
3, 139
List the prime factors of 12311.
13, 947
List the prime factors of 5593.
7, 17, 47
List the prime factors of 2297.
2297
What are the prime factors of 34169?
47, 727
List the prime factors of 2186.
2, 1093
What are the prime factors of 32101?
47, 683
List the prime factors of 2042.
2, 1021
List the prime factors of 2191.
7, 313
List the prime factors of 407.
11, 37
What are the prime factors of 108?
2, 3
List the prime factors of 513.
3, 19
What are the prime factors of 15857?
101, 